{"id":114,"date":"2025-03-27T15:59:44","date_gmt":"2025-03-27T14:59:44","guid":{"rendered":"http:\/\/localhost\/merszi\/wordpress\/?page_id=114"},"modified":"2025-03-31T21:54:32","modified_gmt":"2025-03-31T19:54:32","slug":"altalanos-tajekoztato","status":"publish","type":"page","link":"https:\/\/merszi.softio.biz\/index.php\/altalanos-tajekoztato\/","title":{"rendered":"\u00c1ltal\u00e1nos t\u00e1j\u00e9koztat\u00f3"},"content":{"rendered":"\n<p class=\"has-medium-font-size\">A neurofeedback m\u00e9r\u00e9s \u00e9s tr\u00e9ning alatt a felhelyezett elektrod\u00e1k \u00e1ltal m\u00e9rt jeleket sz\u00e1m\u00edt\u00f3g\u00e9pen, egy szoftver seg\u00edts\u00e9g\u00e9vel k\u00f6vetj\u00fck nyomon. A c\u00e9l az, hogy az \u00e1llapotfelm\u00e9r\u00e9s eredm\u00e9nyei alapj\u00e1n <strong>optimaliz\u00e1ljuk<\/strong> az agyk\u00e9rgi funkci\u00f3kat az adott k\u00e9pess\u00e9gs\u00e1von bel\u00fcl, meghat\u00e1rozott protokollok alapj\u00e1n<\/p>\n\n\n\n<p class=\"has-medium-font-size\">A tr\u00e9ning az agy alkalmazkod\u00f3k\u00e9pess\u00e9g\u00e9t \u00e9s rugalmass\u00e1g\u00e1t haszn\u00e1lja ki. Tanul\u00e1ssal, kondicion\u00e1l\u00e1ssal az agyi ter\u00fcletek k\u00e9pesek az optim\u00e1lis egyens\u00falyi \u00e1llapotot el\u00e9rni.<\/p>\n\n\n\n<p class=\"has-medium-font-size\">A m\u00e9r\u00e9s \u00e9s a tr\u00e9ning a <strong>Magyar Analitikus Neurofeedback \u00e9s Biofeedback T\u00e1rsas\u00e1g<\/strong> \u00e1ltal kifejlesztett \u00e9s v\u00e9dett m\u00f3dszertannal, valamint a Kanad\u00e1ban gy\u00e1rtott <strong>Procomp2 <\/strong>t\u00edpus\u00fa g\u00e9ppel t\u00f6rt\u00e9nik.<\/p>\n\n\n\n<p class=\"has-medium-font-size\">Fontos inform\u00e1ci\u00f3k a tr\u00e9ning \u00e9s a vizsg\u00e1lat megkezd\u00e9se el\u0151tt:<\/p>\n\n\n\n<ul class=\"wp-block-list\">\n<li class=\"has-medium-font-size\">A neurofeedback m\u00f3dszer egy <strong>kieg\u00e9sz\u00edt\u0151 elj\u00e1r\u00e1s<\/strong>, semmi esetben sem hivatott gy\u00f3gykezel\u00e9sre vagy \u00f6nmag\u00e1ban ter\u00e1pi\u00e1ra. Azonnali hat\u00e1s, \u00e1llapotjavul\u00e1s egy-k\u00e9t \u00f3ra fejleszt\u00e9s ut\u00e1n nem v\u00e1rhat\u00f3. <strong>A tr\u00e9ningsorozat 20-40 \u00fcl\u00e9sb\u0151l \u00e1ll.<\/strong><\/li>\n\n\n\n<li class=\"has-medium-font-size\">A m\u00e9r\u00e9s \u00e9s tr\u00e9ning elektr\u00f3d\u00e1k felhelyez\u00e9s\u00e9vel t\u00f6rt\u00e9nik, melynek haszn\u00e1lata teljesen <strong>vesz\u00e9lytelen<\/strong>, \u00f6nmag\u00e1ban semmif\u00e9le hat\u00e1ssal nincs a kliensre.<\/li>\n\n\n\n<li class=\"has-medium-font-size\">A m\u00e9r\u00e9s k\u00e9tcsatorn\u00e1s, \u00e9s vizsg\u00e1lt pontonk\u00e9nt zajlik 2-2 percig, melynek sor\u00e1n az aktu\u00e1lis \u00e1llapotot monitorozzuk. A m\u00e9r\u00e9s id\u0151tartama 1-1,5 \u00f3ra.<\/li>\n\n\n\n<li class=\"has-medium-font-size\">Az \u00e9rt\u00e9kel\u00e9s, a fejleszt\u00e9si strat\u00e9gia ismertet\u00e9se a <strong>m\u00e9r\u00e9s ut\u00e1n k\u00fcl\u00f6n egyeztetett id\u0151pontban szem\u00e9lyre szabva t\u00f6rt\u00e9nik<\/strong><\/li>\n\n\n\n<li class=\"has-medium-font-size\">&nbsp;Ha a kliens fesz\u00fclten \u00e9rkezik a vizsg\u00e1latra, vagy antipszichotikumot vett be el\u0151tte, minden esetben azt az \u00e1llapotot fogjuk l\u00e1tni. Emiatt sz\u00fcks\u00e9ges a vizsg\u00e1latot \u00fajra elv\u00e9gezni.<\/li>\n\n\n\n<li class=\"has-medium-font-size\">A tr\u00e9ningek ut\u00e1n -az eredm\u00e9nyess\u00e9g \u00e9rdek\u00e9ben- k\u00e9rj\u00fck, hogy <strong>a kliens a digit\u00e1lis eszk\u00f6z\u00f6k haszn\u00e1lat\u00e1t mell\u0151zze<\/strong>. Aj\u00e1nlott valamilyen <strong>testmozg\u00e1st (s\u00e9ta, \u00fasz\u00e1s, stb.) v\u00e9gezni,<\/strong> majd ezek ut\u00e1n pihen\u00e9s, alv\u00e1s t\u00f6rt\u00e9njen a bev\u00e9s\u00e9s miatt.<\/li>\n<\/ul>\n","protected":false},"excerpt":{"rendered":"<p>A neurofeedback m\u00e9r\u00e9s \u00e9s tr\u00e9ning alatt a felhelyezett elektrod\u00e1k \u00e1ltal m\u00e9rt jeleket sz\u00e1m\u00edt\u00f3g\u00e9pen, egy szoftver seg\u00edts\u00e9g\u00e9vel k\u00f6vetj\u00fck nyomon. A c\u00e9l az, hogy az \u00e1llapotfelm\u00e9r\u00e9s eredm\u00e9nyei alapj\u00e1n optimaliz\u00e1ljuk az agyk\u00e9rgi funkci\u00f3kat az adott k\u00e9pess\u00e9gs\u00e1von bel\u00fcl, meghat\u00e1rozott protokollok alapj\u00e1n A tr\u00e9ning az agy alkalmazkod\u00f3k\u00e9pess\u00e9g\u00e9t \u00e9s rugalmass\u00e1g\u00e1t haszn\u00e1lja ki. Tanul\u00e1ssal, kondicion\u00e1l\u00e1ssal az agyi ter\u00fcletek k\u00e9pesek az optim\u00e1lis egyens\u00falyi&#8230;<\/p>\n","protected":false},"author":1,"featured_media":0,"parent":0,"menu_order":0,"comment_status":"closed","ping_status":"closed","template":"","meta":{"_kadence_starter_templates_imported_post":false,"_kad_post_transparent":"","_kad_post_title":"","_kad_post_layout":"","_kad_post_sidebar_id":"","_kad_post_content_style":"","_kad_post_vertical_padding":"","_kad_post_feature":"","_kad_post_feature_position":"","_kad_post_header":false,"_kad_post_footer":false,"footnotes":""},"class_list":["post-114","page","type-page","status-publish","hentry"],"jetpack_sharing_enabled":true,"_links":{"self":[{"href":"https:\/\/merszi.softio.biz\/index.php\/wp-json\/wp\/v2\/pages\/114","targetHints":{"allow":["GET"]}}],"collection":[{"href":"https:\/\/merszi.softio.biz\/index.php\/wp-json\/wp\/v2\/pages"}],"about":[{"href":"https:\/\/merszi.softio.biz\/index.php\/wp-json\/wp\/v2\/types\/page"}],"author":[{"embeddable":true,"href":"https:\/\/merszi.softio.biz\/index.php\/wp-json\/wp\/v2\/users\/1"}],"replies":[{"embeddable":true,"href":"https:\/\/merszi.softio.biz\/index.php\/wp-json\/wp\/v2\/comments?post=114"}],"version-history":[{"count":3,"href":"https:\/\/merszi.softio.biz\/index.php\/wp-json\/wp\/v2\/pages\/114\/revisions"}],"predecessor-version":[{"id":147,"href":"https:\/\/merszi.softio.biz\/index.php\/wp-json\/wp\/v2\/pages\/114\/revisions\/147"}],"wp:attachment":[{"href":"https:\/\/merszi.softio.biz\/index.php\/wp-json\/wp\/v2\/media?parent=114"}],"curies":[{"name":"wp","href":"https:\/\/api.w.org\/{rel}","templated":true}]}}

Általános tájékoztató

<p class="has-medium-font-size">A neurofeedback mérés és tréning alatt a felhelyezett elektrodák által mért jeleket számítógépen, egy szoftver segítségével követjük nyomon. A cél az, hogy az állapotfelmérés eredményei alapján <strong>optimalizáljuk</strong> az agykérgi funkciókat az adott képességsávon belül, meghatározott protokollok alapján</p>



<p class="has-medium-font-size">A tréning az agy alkalmazkodóképességét és rugalmasságát használja ki. Tanulással, kondicionálással az agyi területek képesek az optimális egyensúlyi állapotot elérni.</p>



<p class="has-medium-font-size">A mérés és a tréning a <strong>Magyar Analitikus Neurofeedback és Biofeedback Társaság</strong> által kifejlesztett és védett módszertannal, valamint a Kanadában gyártott <strong>Procomp2 </strong>típusú géppel történik.</p>



<p class="has-medium-font-size">Fontos információk a tréning és a vizsgálat megkezdése előtt:</p>



<ul class="wp-block-list">
<li class="has-medium-font-size">A neurofeedback módszer egy <strong>kiegészítő eljárás</strong>, semmi esetben sem hivatott gyógykezelésre vagy önmagában terápiára. Azonnali hatás, állapotjavulás egy-két óra fejlesztés után nem várható. <strong>A tréningsorozat 20-40 ülésből áll.</strong></li>



<li class="has-medium-font-size">A mérés és tréning elektródák felhelyezésével történik, melynek használata teljesen <strong>veszélytelen</strong>, önmagában semmiféle hatással nincs a kliensre.</li>



<li class="has-medium-font-size">A mérés kétcsatornás, és vizsgált pontonként zajlik 2-2 percig, melynek során az aktuális állapotot monitorozzuk. A mérés időtartama 1-1,5 óra.</li>



<li class="has-medium-font-size">Az értékelés, a fejlesztési stratégia ismertetése a <strong>mérés után külön egyeztetett időpontban személyre szabva történik</strong></li>



<li class="has-medium-font-size">&nbsp;Ha a kliens feszülten érkezik a vizsgálatra, vagy antipszichotikumot vett be előtte, minden esetben azt az állapotot fogjuk látni. Emiatt szükséges a vizsgálatot újra elvégezni.</li>



<li class="has-medium-font-size">A tréningek után -az eredményesség érdekében- kérjük, hogy <strong>a kliens a digitális eszközök használatát mellőzze</strong>. Ajánlott valamilyen <strong>testmozgást (séta, úszás, stb.) végezni,</strong> majd ezek után pihenés, alvás történjen a bevésés miatt.</li>
</ul>

<p>A neurofeedback mérés és tréning alatt a felhelyezett elektrodák által mért jeleket számítógépen, egy szoftver segítségével követjük nyomon. A cél az, hogy az állapotfelmérés eredményei alapján optimalizáljuk az agykérgi funkciókat az adott képességsávon belül, meghatározott protokollok alapján A tréning az agy alkalmazkodóképességét és rugalmasságát használja ki. Tanulással, kondicionálással az agyi területek képesek az optimális egyensúlyi&#8230;</p>
