{"id":27,"date":"2025-03-19T20:34:14","date_gmt":"2025-03-19T19:34:14","guid":{"rendered":"http:\/\/localhost\/merszi\/wordpress\/?page_id=27"},"modified":"2025-03-31T21:58:29","modified_gmt":"2025-03-31T19:58:29","slug":"kapcsolat","status":"publish","type":"page","link":"https:\/\/merszi.softio.biz\/index.php\/kapcsolat\/","title":{"rendered":"Kapcsolat"},"content":{"rendered":"\n<h2 class=\"wp-block-heading\">Bejelentkez\u00e9s:<\/h2>\n\n\n\n<p>Telefonon: +36707728463 vagy +36302498525<\/p>\n\n\n\n<p>email: merszioktatasi@gmail.com<\/p>\n\n\n\n<p>Iroda: 6800 H\u00f3dmez\u0151v\u00e1s\u00e1rhely,Sz\u00e9chenyi t\u00e9r 1\/a<\/p>\n","protected":false},"excerpt":{"rendered":"<p>Bejelentkez\u00e9s: Telefonon: +36707728463 vagy +36302498525 email: merszioktatasi@gmail.com Iroda: 6800 H\u00f3dmez\u0151v\u00e1s\u00e1rhely,Sz\u00e9chenyi t\u00e9r 1\/a<\/p>\n","protected":false},"author":1,"featured_media":0,"parent":0,"menu_order":0,"comment_status":"closed","ping_status":"closed","template":"","meta":{"_kadence_starter_templates_imported_post":false,"_kad_post_transparent":"","_kad_post_title":"","_kad_post_layout":"","_kad_post_sidebar_id":"","_kad_post_content_style":"","_kad_post_vertical_padding":"","_kad_post_feature":"","_kad_post_feature_position":"","_kad_post_header":false,"_kad_post_footer":false,"footnotes":""},"class_list":["post-27","page","type-page","status-publish","hentry"],"jetpack_sharing_enabled":true,"_links":{"self":[{"href":"https:\/\/merszi.softio.biz\/index.php\/wp-json\/wp\/v2\/pages\/27","targetHints":{"allow":["GET"]}}],"collection":[{"href":"https:\/\/merszi.softio.biz\/index.php\/wp-json\/wp\/v2\/pages"}],"about":[{"href":"https:\/\/merszi.softio.biz\/index.php\/wp-json\/wp\/v2\/types\/page"}],"author":[{"embeddable":true,"href":"https:\/\/merszi.softio.biz\/index.php\/wp-json\/wp\/v2\/users\/1"}],"replies":[{"embeddable":true,"href":"https:\/\/merszi.softio.biz\/index.php\/wp-json\/wp\/v2\/comments?post=27"}],"version-history":[{"count":4,"href":"https:\/\/merszi.softio.biz\/index.php\/wp-json\/wp\/v2\/pages\/27\/revisions"}],"predecessor-version":[{"id":150,"href":"https:\/\/merszi.softio.biz\/index.php\/wp-json\/wp\/v2\/pages\/27\/revisions\/150"}],"wp:attachment":[{"href":"https:\/\/merszi.softio.biz\/index.php\/wp-json\/wp\/v2\/media?parent=27"}],"curies":[{"name":"wp","href":"https:\/\/api.w.org\/{rel}","templated":true}]}}